{"id":84,"date":"2024-05-15T15:30:23","date_gmt":"2024-05-15T15:30:23","guid":{"rendered":"https:\/\/piscinemarket.piscinetunisie.com\/?post_type=product&#038;p=84"},"modified":"2024-05-15T15:30:41","modified_gmt":"2024-05-15T15:30:41","slug":"import-placeholder-for-931","status":"publish","type":"product","link":"https:\/\/piscinemarket.piscinetunisie.com\/?product=import-placeholder-for-931","title":{"rendered":"Import placeholder for 931"},"content":{"rendered":"<h6>&#8220;\u00c9clairage Piscine Pratique : Projecteur LED Couleur Lumiplus Rapid Wireless V1&#8221;<\/h6>\n<p>D\u00e9couvrez l&#8217;innovation en mati\u00e8re d&#8217;\u00e9clairage piscine avec le Projecteur LED RGB 27W Fixation Prise balai. Cette version est sp\u00e9cialement con\u00e7ue pour les piscines en<br \/>\nb\u00e9ton (mais existe \u00e9galement pour les piscines en liner et panneaux pr\u00e9fabriqu\u00e9s). L&#8217;un des<br \/>\navantages majeurs de ce projecteur est son installation sans n\u00e9cessit\u00e9 d&#8217;une niche, ce qui<br \/>\nvous fait gagner un temps pr\u00e9cieux lors de la pose.<br \/>\nContr\u00f4le \u00e0 Distance Facile avec T\u00e9l\u00e9commande<br \/>\nLe Projecteur Rapid Wireless V1 est livr\u00e9 avec une t\u00e9l\u00e9commande Lumiplus Control Motion.<br \/>\nGr\u00e2ce \u00e0 cette t\u00e9l\u00e9commande sans fil, vous pouvez contr\u00f4ler \u00e0 distance l&#8217;allumage de la<br \/>\nlampe, choisir la couleur d&#8217;\u00e9clairage, s\u00e9lectionner un sc\u00e9nario lumineux ou r\u00e9gler la vitesse<br \/>\nde transition. Cette fonctionnalit\u00e9 ajoute une touche de personnalisation \u00e0 votre \u00e9clairage de<br \/>\npiscine, vous permettant de cr\u00e9er l&#8217;ambiance parfaite.<br \/>\nCaract\u00e9ristiques du Projecteur LED Couleur Lumiplus Rapid Wireless V1<br \/>\n<strong>Type d&#8217;ampoule<\/strong> : LED RGB (couleur)<br \/>\n<strong>Puissance<\/strong> : 27 W (37 VA)<br \/>\n<strong>Luminosit\u00e9<\/strong> : 1100 Lumens<br \/>\nT\u00e9l\u00e9commande LumiPlus Wireless sans fil (port\u00e9e de 5 m\u00e8tres)<br \/>\nInstallation rapide et facile sur une prise balai de 11\u20442 pouces<br \/>\nEnjoliveur ABS blanc inclus<br \/>\nDur\u00e9e de vie exceptionnelle de 50 000 heures<br \/>\nGarantie de 2 ans<br \/>\nLivr\u00e9 avec un c\u00e2ble de 2&#215;1 mm2 d&#8217;une longueur de 2,5 m\u00e8tres<br \/>\nOptez pour une solution d&#8217;\u00e9clairage piscine pratique, esth\u00e9tique et personnalisable. Le<br \/>\nProjecteur LED Couleur Lumiplus Rapid Wireless V1 est la r\u00e9ponse \u00e0 vos besoins<br \/>\nd&#8217;\u00e9clairage. Avec une dur\u00e9e de vie impressionnante et une garantie de 2 ans, c&#8217;est un choix<br \/>\nfiable pour transformer votre piscine en un espace de d\u00e9tente \u00e9l\u00e9gant et lumineux<\/p>\n<p>Marque <a href=\"https:\/\/www.piscinetunisie.com\/astralpool-tunis\/\">: ASTRALPOOL<\/a><br \/>\nMarque made in : ESPAGNE<\/p>\n<p>Visitez notre page Facebook <a href=\"https:\/\/www.facebook.com\/STGEgroup\/\">STGEgroup<\/a> pour vous inspirer de nos r\u00e9alisations ou les<br \/>\nr\u00e9alisations des piscinistes qui nous font confiance.<\/p>\n","protected":false},"excerpt":{"rendered":"<p>&#8220;\u00c9clairage Piscine Pratique : Projecteur LED Couleur Lumiplus Rapid Wireless V1&#8221; D\u00e9couvrez l&#8217;innovation en mati\u00e8re d&#8217;\u00e9clairage piscine avec le Projecteur LED RGB 27W Fixation Prise balai. Cette version est sp\u00e9cialement con\u00e7ue pour les piscines en b\u00e9ton (mais existe \u00e9galement pour les piscines en liner et panneaux pr\u00e9fabriqu\u00e9s). L&#8217;un des avantages majeurs de ce projecteur est [&hellip;]<\/p>\n","protected":false},"featured_media":112,"comment_status":"open","ping_status":"closed","template":"","meta":[],"product_cat":[15],"product_tag":[],"class_list":{"0":"post-84","1":"product","2":"type-product","3":"status-publish","4":"has-post-thumbnail","6":"product_cat-uncategorized","8":"first","9":"instock","10":"shipping-taxable","11":"product-type-simple"},"jetpack_sharing_enabled":true,"_links":{"self":[{"href":"https:\/\/piscinemarket.piscinetunisie.com\/index.php?rest_route=\/wp\/v2\/product\/84","targetHints":{"allow":["GET"]}}],"collection":[{"href":"https:\/\/piscinemarket.piscinetunisie.com\/index.php?rest_route=\/wp\/v2\/product"}],"about":[{"href":"https:\/\/piscinemarket.piscinetunisie.com\/index.php?rest_route=\/wp\/v2\/types\/product"}],"replies":[{"embeddable":true,"href":"https:\/\/piscinemarket.piscinetunisie.com\/index.php?rest_route=%2Fwp%2Fv2%2Fcomments&post=84"}],"wp:featuredmedia":[{"embeddable":true,"href":"https:\/\/piscinemarket.piscinetunisie.com\/index.php?rest_route=\/wp\/v2\/media\/112"}],"wp:attachment":[{"href":"https:\/\/piscinemarket.piscinetunisie.com\/index.php?rest_route=%2Fwp%2Fv2%2Fmedia&parent=84"}],"wp:term":[{"taxonomy":"product_cat","embeddable":true,"href":"https:\/\/piscinemarket.piscinetunisie.com\/index.php?rest_route=%2Fwp%2Fv2%2Fproduct_cat&post=84"},{"taxonomy":"product_tag","embeddable":true,"href":"https:\/\/piscinemarket.piscinetunisie.com\/index.php?rest_route=%2Fwp%2Fv2%2Fproduct_tag&post=84"}],"curies":[{"name":"wp","href":"https:\/\/api.w.org\/{rel}","templated":true}]}}