{"id":682,"date":"2024-05-15T15:35:29","date_gmt":"2024-05-15T15:35:29","guid":{"rendered":"https:\/\/piscinemarket.piscinetunisie.com\/?post_type=product&#038;p=682"},"modified":"2024-05-15T15:35:32","modified_gmt":"2024-05-15T15:35:32","slug":"import-placeholder-for-2310","status":"publish","type":"product","link":"https:\/\/piscinemarket.piscinetunisie.com\/?product=import-placeholder-for-2310","title":{"rendered":"Import placeholder for 2310"},"content":{"rendered":"<h5 id=\"tw-target-text\" class=\"tw-data-text tw-text-large tw-ta\" dir=\"ltr\" data-placeholder=\"Traduction\">D\u00e9couvrez nos roues de rechange de haute qualit\u00e9 pour t\u00eate de balai !<\/h5>\n<p class=\"tw-data-text tw-text-large tw-ta\" dir=\"ltr\" data-placeholder=\"Traduction\">Notre jeu complet de 4 roues et 4 goupilles est sp\u00e9cialement con\u00e7u pour remplacer les roues endommag\u00e9es de<br \/>\nvotre balai de piscine. Avec ces pi\u00e8ces de rechange, votre balai retrouvera toute son<br \/>\nefficacit\u00e9 pour nettoyer votre bassin en profondeur.<br \/>\nLes roues de rechange pour t\u00eate de balai sont un produit essentiel pour assurer le bon<br \/>\nfonctionnement de votre \u00e9quipement de nettoyage. Fabriqu\u00e9es par la marque<br \/>\nASTRALPOOL, leader dans le domaine des accessoires de piscine, ces roues sont<br \/>\nsynonymes de qualit\u00e9 et de durabilit\u00e9.<br \/>\nLa marque ASTRALPOOL est r\u00e9put\u00e9e pour ses produits de haute performance et sa<br \/>\nfabrication de qualit\u00e9. En optant pour nos roues de rechange, vous faites confiance \u00e0 une<br \/>\nmarque espagnole renomm\u00e9e dans le secteur de la piscine. La qualit\u00e9 Made in Spain est<br \/>\ngarantie pour vous offrir des pi\u00e8ces fiables et r\u00e9sistantes.<br \/>\nNos roues de rechange sont sp\u00e9cialement con\u00e7ues pour s&#8217;adapter aux manches<br \/>\nt\u00e9lescopiques standards et aux tuyaux flottants standards. Elles offrent une compatibilit\u00e9<br \/>\noptimale avec votre \u00e9quipement existant, vous permettant de les installer facilement et<br \/>\nrapidement.<br \/>\nGr\u00e2ce \u00e0 leurs 8 roues, ces pi\u00e8ces sont con\u00e7ues pour une meilleure stabilit\u00e9 et une mobilit\u00e9<br \/>\nfluide lors du nettoyage de votre piscine en b\u00e9ton. Les roues assurent une traction efficace<br \/>\nsur diff\u00e9rentes surfaces, vous permettant d&#8217;\u00e9liminer efficacement les d\u00e9bris pr\u00e9sents au fond<br \/>\nde votre bassin.<\/p>\n<h5 class=\"tw-data-text tw-text-large tw-ta\" dir=\"ltr\" data-placeholder=\"Traduction\">Plus des d\u00e9tails<\/h5>\n<p class=\"tw-data-text tw-text-large tw-ta\" dir=\"ltr\" data-placeholder=\"Traduction\">N&#8217;h\u00e9sitez pas \u00e0 visiter <a href=\"https:\/\/www.facebook.com\/STGEgroup\/\">notre page Facebook<\/a> pour vous inspirer des r\u00e9alisations et des<br \/>\nconseils de piscinistes qui font confiance \u00e0 nos produits. Vous y trouverez des informations<br \/>\nutiles pour l&#8217;entretien et le nettoyage de votre piscine.<br \/>\nNe laissez pas des roues endommag\u00e9es vous emp\u00eacher de maintenir votre piscine propre et<br \/>\naccueillante. Optez d\u00e8s maintenant pour nos roues de rechange pour t\u00eate de balai, et<br \/>\nprofitez d&#8217;un nettoyage efficace et sans effort. Faites confiance \u00e0 ASTRALPOOL et<br \/>\nchoisissez la qualit\u00e9 pour votre piscine.<\/p>\n<p><strong>Marque : <\/strong> <a href=\"https:\/\/www.astralpool.com\/fr\/\">ASTRALPOOL<\/a><br \/>\n<strong>Marque Made in\u00a0: <\/strong>ESPAGNOL<\/p>\n","protected":false},"excerpt":{"rendered":"<p>D\u00e9couvrez nos roues de rechange de haute qualit\u00e9 pour t\u00eate de balai ! Notre jeu complet de 4 roues et 4 goupilles est sp\u00e9cialement con\u00e7u pour remplacer les roues endommag\u00e9es de votre balai de piscine. Avec ces pi\u00e8ces de rechange, votre balai retrouvera toute son efficacit\u00e9 pour nettoyer votre bassin en profondeur. Les roues de [&hellip;]<\/p>\n","protected":false},"featured_media":690,"comment_status":"open","ping_status":"closed","template":"","meta":[],"product_cat":[15],"product_tag":[],"class_list":{"0":"post-682","1":"product","2":"type-product","3":"status-publish","4":"has-post-thumbnail","6":"product_cat-uncategorized","8":"first","9":"instock","10":"shipping-taxable","11":"product-type-simple"},"jetpack_sharing_enabled":true,"_links":{"self":[{"href":"https:\/\/piscinemarket.piscinetunisie.com\/index.php?rest_route=\/wp\/v2\/product\/682","targetHints":{"allow":["GET"]}}],"collection":[{"href":"https:\/\/piscinemarket.piscinetunisie.com\/index.php?rest_route=\/wp\/v2\/product"}],"about":[{"href":"https:\/\/piscinemarket.piscinetunisie.com\/index.php?rest_route=\/wp\/v2\/types\/product"}],"replies":[{"embeddable":true,"href":"https:\/\/piscinemarket.piscinetunisie.com\/index.php?rest_route=%2Fwp%2Fv2%2Fcomments&post=682"}],"wp:featuredmedia":[{"embeddable":true,"href":"https:\/\/piscinemarket.piscinetunisie.com\/index.php?rest_route=\/wp\/v2\/media\/690"}],"wp:attachment":[{"href":"https:\/\/piscinemarket.piscinetunisie.com\/index.php?rest_route=%2Fwp%2Fv2%2Fmedia&parent=682"}],"wp:term":[{"taxonomy":"product_cat","embeddable":true,"href":"https:\/\/piscinemarket.piscinetunisie.com\/index.php?rest_route=%2Fwp%2Fv2%2Fproduct_cat&post=682"},{"taxonomy":"product_tag","embeddable":true,"href":"https:\/\/piscinemarket.piscinetunisie.com\/index.php?rest_route=%2Fwp%2Fv2%2Fproduct_tag&post=682"}],"curies":[{"name":"wp","href":"https:\/\/api.w.org\/{rel}","templated":true}]}}