{"id":362,"date":"2024-05-15T15:33:06","date_gmt":"2024-05-15T15:33:06","guid":{"rendered":"https:\/\/piscinemarket.piscinetunisie.com\/?post_type=product&#038;p=362"},"modified":"2024-05-15T15:33:46","modified_gmt":"2024-05-15T15:33:46","slug":"import-placeholder-for-1431","status":"publish","type":"product","link":"https:\/\/piscinemarket.piscinetunisie.com\/?product=import-placeholder-for-1431","title":{"rendered":"Import placeholder for 1431"},"content":{"rendered":"<p>POMPE SACI auto-amor\u00e7ante pour petites et moyennes piscines. La pompe est poss\u00e8de d&#8217;excellentes performances hydrauliques ainsi qu&#8217;une tr\u00e8s grande capacit\u00e9 de filtration. Pompe avec une cl\u00e9 pour ouvrir le couvercle.<\/p>\n<p>-Connexion: 2&#8243; femelle<br \/>\n-Liens: Connexion de colle 63 mm<br \/>\n-Couvercle transparent en polycarbonate<br \/>\n-Grand pr\u00e9-filtre<br \/>\n-Isolation: Classe F<br \/>\n-Protection: IP55<br \/>\n-Joints m\u00e9caniques: carbone\/c\u00e9ramique\/acier inoxydable<br \/>\n-Turbine: Noryl<br \/>\n-Tension: 230VAC<br \/>\nVisitez notre page Facebook pour vous inspirer de nos r\u00e9alisations ou les r\u00e9alisations des piscinistes qui nous font confiance.<br \/>\n<a https:\/\/www.piscinetunisie.com\/astralpool\/\"><\/a><br \/>\n<strong>Marque : <\/strong> <a href=\"https:\/\/www.sacipumps.com\/fr\/produits\/piscine-et-filtre\/\">SACI<\/a><br \/>\n<strong>Marque Made in\u00a0: <\/strong>ESPAGNO<\/p>\n","protected":false},"excerpt":{"rendered":"<p>POMPE SACI auto-amor\u00e7ante pour petites et moyennes piscines. La pompe est poss\u00e8de d&#8217;excellentes performances hydrauliques ainsi qu&#8217;une tr\u00e8s grande capacit\u00e9 de filtration. Pompe avec une cl\u00e9 pour ouvrir le couvercle. -Connexion: 2&#8243; femelle -Liens: Connexion de colle 63 mm -Couvercle transparent en polycarbonate -Grand pr\u00e9-filtre -Isolation: Classe F -Protection: IP55 -Joints m\u00e9caniques: carbone\/c\u00e9ramique\/acier inoxydable -Turbine: [&hellip;]<\/p>\n","protected":false},"featured_media":373,"comment_status":"open","ping_status":"closed","template":"","meta":[],"product_cat":[15],"product_tag":[],"class_list":{"0":"post-362","1":"product","2":"type-product","3":"status-publish","4":"has-post-thumbnail","6":"product_cat-uncategorized","8":"first","9":"instock","10":"shipping-taxable","11":"product-type-variable"},"jetpack_sharing_enabled":true,"_links":{"self":[{"href":"https:\/\/piscinemarket.piscinetunisie.com\/index.php?rest_route=\/wp\/v2\/product\/362","targetHints":{"allow":["GET"]}}],"collection":[{"href":"https:\/\/piscinemarket.piscinetunisie.com\/index.php?rest_route=\/wp\/v2\/product"}],"about":[{"href":"https:\/\/piscinemarket.piscinetunisie.com\/index.php?rest_route=\/wp\/v2\/types\/product"}],"replies":[{"embeddable":true,"href":"https:\/\/piscinemarket.piscinetunisie.com\/index.php?rest_route=%2Fwp%2Fv2%2Fcomments&post=362"}],"wp:featuredmedia":[{"embeddable":true,"href":"https:\/\/piscinemarket.piscinetunisie.com\/index.php?rest_route=\/wp\/v2\/media\/373"}],"wp:attachment":[{"href":"https:\/\/piscinemarket.piscinetunisie.com\/index.php?rest_route=%2Fwp%2Fv2%2Fmedia&parent=362"}],"wp:term":[{"taxonomy":"product_cat","embeddable":true,"href":"https:\/\/piscinemarket.piscinetunisie.com\/index.php?rest_route=%2Fwp%2Fv2%2Fproduct_cat&post=362"},{"taxonomy":"product_tag","embeddable":true,"href":"https:\/\/piscinemarket.piscinetunisie.com\/index.php?rest_route=%2Fwp%2Fv2%2Fproduct_tag&post=362"}],"curies":[{"name":"wp","href":"https:\/\/api.w.org\/{rel}","templated":true}]}}