{"id":276,"date":"2024-05-15T15:32:16","date_gmt":"2024-05-15T15:32:16","guid":{"rendered":"https:\/\/piscinemarket.piscinetunisie.com\/?post_type=product&#038;p=276"},"modified":"2024-05-15T15:32:24","modified_gmt":"2024-05-15T15:32:24","slug":"import-placeholder-for-1297","status":"publish","type":"product","link":"https:\/\/piscinemarket.piscinetunisie.com\/?product=import-placeholder-for-1297","title":{"rendered":"Import placeholder for 1297"},"content":{"rendered":"<div dir=\"ltr\">\n<div>\n<h5>Clarifiant haute-performance Flovil : le meilleur floculant pour <a href=\"https:\/\/www.piscinetunisie.com\/\">piscine<\/a><\/h5>\n<div>Le clarifiant haute-performance Flovil de 9 pastilles disponible dans cette section permet \u00e0 la fois de\u00a0purifier l&#8217;eau de votre piscine et de la rendre cristalline. Le floculant pour piscine, gr\u00e2ce \u00e0 son effet \u00e9lectrostatique, va aider \u00e0\u00a0agglom\u00e9rer les impuret\u00e9s entre elles. Par ce proc\u00e9d\u00e9, les impuret\u00e9s pr\u00e9sentes dans le bassin seront de plus grande taille et le filtre aura plus de chances de vous en d\u00e9barrasser. De plus, le floculant Flovil en pastilles est con\u00e7u pour\u00a0vous d\u00e9barrasser des collo\u00efdes, les particules microscopiques responsables du trouble de l&#8217;eau de piscine.<\/div>\n<h4>Comment s&#8217;utilise ce floculant en pastilles Flovil ?<\/h4>\n<div>Utiliser ce clarifiant haute-performance Flovil de 9 pastilles est tr\u00e8s simple. Dans tous les cas, il vous faudra\u00a0les placer dans les skimmers de votre filtre\u00a0par o\u00f9 est aspir\u00e9e l&#8217;eau. Gr\u00e2ce \u00e0 cela, ils passeront dans votre pompe hydraulique puis dans votre filtre afin de se m\u00e9langer de la meilleure des mani\u00e8res avec la totalit\u00e9 du volume d&#8217;eau de votre bassin. Apr\u00e8s un hivernage ou avant la premi\u00e8re mise en route du syst\u00e8me hydraulique, d\u00e9posez\u00a03 pastilles de floculant Flovil. Par contre, s&#8217;il s&#8217;agit d&#8217;un traitement r\u00e9gulier, ordinaire,\u00a0une pastille par semaine suffit. Dans le cas o\u00f9 votre piscine ferait\u00a0plus de 80 m3, vous pouvez en mettre 2.<\/div>\n<h4>Pastilles Flovil : avec quels filtres peut-on les utiliser ?<\/h4>\n<div>Le clarifiant haute-performance Flovil de 9 pastilles, de par son action d&#8217;agglom\u00e9ration des impuret\u00e9s, ne doit pas s&#8217;utiliser avec tous les filtres de piscine du march\u00e9 ! Par exemple,\u00a0il ne faut jamais en placer si votre filtre est \u00e0 diatom\u00e9es. Sinon, vous risquez de boucher compl\u00e8tement votre filtre en quelques minutes seulement. Le clarifiant haute-performance Flovil de 9 pastilles est par contre conseill\u00e9 dans le cas des\u00a0filtres \u00e0 cartouches et surtout des filtres \u00e0 sable\u00a0et \u00e0 gravier. Dans ce dernier cas, au lieu de nettoyer les impuret\u00e9s de 40 microns, vous pourrez abaisser cette limite \u00e0 30 microns voire 20 microns dans le meilleur des cas.<\/div>\n<h4>Pourquoi pr\u00e9f\u00e9rer le floculant Flovil ?<\/h4>\n<div>Le clarifiant haute-performance<a href=\"https:\/\/flovil.com\/\"> Flovil<\/a> de 9 pastilles est un produit tr\u00e8s int\u00e9ressant \u00e0 plusieurs niveaux :<\/div>\n<ul>\n<li>Il\u00a0agglom\u00e8re les impuret\u00e9s de petite taille entre elles\u00a0pour am\u00e9liorer la finesse de filtration des filtres \u00e0 sable et \u00e0 cartouches<\/li>\n<li>Il\u00a0supprime les collo\u00efdes, ces particules microscopiques responsables du trouble de l&#8217;eau de piscine<\/li>\n<li>Le m\u00e9lange entre<a href=\"https:\/\/flovil.com\/\"> le floculant Flovil<\/a> et l&#8217;eau se fait de mani\u00e8re automatique, vous n&#8217;avez qu&#8217;\u00e0 d\u00e9poser la pastille devant le skimmer d&#8217;aspiration<\/li>\n<li>Avec 9 pastilles, vous\u00a0nettoyez une piscine de 80 m3 durant 9 semaines<\/li>\n<\/ul>\n<\/div>\n<\/div>\n<div class=\"yj6qo ajU\"><\/div>\n<p><strong>Marque : <\/strong> CRISTALIS<br \/>\n<strong>Marque made in : <\/strong> France<\/p>\n","protected":false},"excerpt":{"rendered":"<p>Clarifiant haute-performance Flovil : le meilleur floculant pour piscine Le clarifiant haute-performance Flovil de 9 pastilles disponible dans cette section permet \u00e0 la fois de\u00a0purifier l&#8217;eau de votre piscine et de la rendre cristalline. Le floculant pour piscine, gr\u00e2ce \u00e0 son effet \u00e9lectrostatique, va aider \u00e0\u00a0agglom\u00e9rer les impuret\u00e9s entre elles. Par ce proc\u00e9d\u00e9, les impuret\u00e9s [&hellip;]<\/p>\n","protected":false},"featured_media":294,"comment_status":"open","ping_status":"closed","template":"","meta":[],"product_cat":[15],"product_tag":[],"class_list":{"0":"post-276","1":"product","2":"type-product","3":"status-publish","4":"has-post-thumbnail","6":"product_cat-uncategorized","8":"first","9":"instock","10":"shipping-taxable","11":"product-type-simple"},"jetpack_sharing_enabled":true,"_links":{"self":[{"href":"https:\/\/piscinemarket.piscinetunisie.com\/index.php?rest_route=\/wp\/v2\/product\/276","targetHints":{"allow":["GET"]}}],"collection":[{"href":"https:\/\/piscinemarket.piscinetunisie.com\/index.php?rest_route=\/wp\/v2\/product"}],"about":[{"href":"https:\/\/piscinemarket.piscinetunisie.com\/index.php?rest_route=\/wp\/v2\/types\/product"}],"replies":[{"embeddable":true,"href":"https:\/\/piscinemarket.piscinetunisie.com\/index.php?rest_route=%2Fwp%2Fv2%2Fcomments&post=276"}],"wp:featuredmedia":[{"embeddable":true,"href":"https:\/\/piscinemarket.piscinetunisie.com\/index.php?rest_route=\/wp\/v2\/media\/294"}],"wp:attachment":[{"href":"https:\/\/piscinemarket.piscinetunisie.com\/index.php?rest_route=%2Fwp%2Fv2%2Fmedia&parent=276"}],"wp:term":[{"taxonomy":"product_cat","embeddable":true,"href":"https:\/\/piscinemarket.piscinetunisie.com\/index.php?rest_route=%2Fwp%2Fv2%2Fproduct_cat&post=276"},{"taxonomy":"product_tag","embeddable":true,"href":"https:\/\/piscinemarket.piscinetunisie.com\/index.php?rest_route=%2Fwp%2Fv2%2Fproduct_tag&post=276"}],"curies":[{"name":"wp","href":"https:\/\/api.w.org\/{rel}","templated":true}]}}