{"id":267,"date":"2024-05-15T15:32:15","date_gmt":"2024-05-15T15:32:15","guid":{"rendered":"https:\/\/piscinemarket.piscinetunisie.com\/?post_type=product&#038;p=267"},"modified":"2024-05-15T15:32:40","modified_gmt":"2024-05-15T15:32:40","slug":"import-placeholder-for-1288","status":"publish","type":"product","link":"https:\/\/piscinemarket.piscinetunisie.com\/?product=import-placeholder-for-1288","title":{"rendered":"Import placeholder for 1288"},"content":{"rendered":"<h5>Les pastilles de chlore choc de 20g<\/h5>\n<p>sont un choix id\u00e9al pour une d\u00e9sinfection rapide et efficace de l&#8217;eau de votre piscine. En remontant rapidement le taux de chlore, ces pastilles<br \/>\n\u00e9liminent efficacement les micro-organismes pr\u00e9sents dans l&#8217;eau. Compos\u00e9es de chlore<br \/>\nstabilis\u00e9, elles se dissolvent rapidement et compl\u00e8tement gr\u00e2ce \u00e0 leur action effervescente.<\/p>\n<h5>l&#8217;avantage de ces pastilles<\/h5>\n<p>l&#8217;avantage de ces pastilles r\u00e9side dans leur capacit\u00e9 \u00e0 prot\u00e9ger le chlore des rayons UV du<br \/>\nsoleil, gr\u00e2ce \u00e0 leur action stabilisante. Cela permet de prolonger l&#8217;efficacit\u00e9 du chlore dans<br \/>\nl&#8217;eau de votre piscine. Toutefois, il est important de noter que ces pastilles ne conviennent<br \/>\npas aux traitements au PHMB et au brome.<\/p>\n<p>Pour utiliser ces pastilles de chlore choc, il est recommand\u00e9 de ne pas les mettre en contact<br \/>\ndirect avec le liner de la piscine, afin d&#8217;\u00e9viter toute d\u00e9t\u00e9rioration. De plus, il est d\u00e9conseill\u00e9<br \/>\nde les jeter au fond de la piscine. Un dosage de 4 pastilles pour 10 m3 d&#8217;eau est<br \/>\nrecommand\u00e9 pour obtenir une action choc efficace.<\/p>\n<p>Si bien que ces pastilles de chlore choc sont disponibles en diff\u00e9rents conditionnements dans <a href=\"https:\/\/www.piscinetunisie.com\/\">notre boutique<\/a>.<\/p>\n<p>Ensuite pour r\u00e9pondre \u00e0 vos besoins. Vous pouvez les trouver en carton de 6 x 1 kg ou en seau de 5 kg, 10 kg et<br \/>\n25 kg. Veuillez noter que les conditionnements en seau de 10 kg et 25 kg sont destin\u00e9s<br \/>\nuniquement \u00e0 un usage professionnel.<\/p>\n<p>Toutefois pour une utilisation optimale, il est recommand\u00e9 de placer les pastilles de chlore choc dans<br \/>\nle skimmer de votre piscine. Vous pouvez les utiliser en d\u00e9but de saison, en cas de<br \/>\nconditions climatiques extr\u00eames ou lors d&#8217;une utilisation intensive de la piscine.<\/p>\n<p>N&#8217;h\u00e9sitez pas \u00e0 choisir la quantit\u00e9 qui convient le mieux \u00e0 vos besoins parmi les options<br \/>\ndisponibles : 1 kg, 5 kg et 25 kg.<\/p>\n<p>Avec les pastilles de chlore choc, vous pouvez profiter<br \/>\nd&#8217;une eau de piscine saine et propre tout au long de la saison.<\/p>\n<h5>Plus de detais<\/h5>\n<p>Visitez <a href=\"https:\/\/www.facebook.com\/STGEgroup\/\">notre page Facebook<\/a> pour vous inspirer de nos r\u00e9alisations ou les r\u00e9alisations des<br \/>\npiscinistes qui nous font confiance.<\/p>\n<p><strong>Marque : <\/strong> <a href=\"https:\/\/xakaproducts.com\/fr\/\">XAKA<\/a><br \/>\nMarque made in :ESPAGNOL<\/p>\n","protected":false},"excerpt":{"rendered":"<p>Les pastilles de chlore choc de 20g sont un choix id\u00e9al pour une d\u00e9sinfection rapide et efficace de l&#8217;eau de votre piscine. En remontant rapidement le taux de chlore, ces pastilles \u00e9liminent efficacement les micro-organismes pr\u00e9sents dans l&#8217;eau. Compos\u00e9es de chlore stabilis\u00e9, elles se dissolvent rapidement et compl\u00e8tement gr\u00e2ce \u00e0 leur action effervescente. l&#8217;avantage de [&hellip;]<\/p>\n","protected":false},"featured_media":291,"comment_status":"open","ping_status":"closed","template":"","meta":[],"product_cat":[15],"product_tag":[],"class_list":{"0":"post-267","1":"product","2":"type-product","3":"status-publish","4":"has-post-thumbnail","6":"product_cat-uncategorized","8":"first","9":"instock","10":"shipping-taxable","11":"product-type-variable"},"jetpack_sharing_enabled":true,"_links":{"self":[{"href":"https:\/\/piscinemarket.piscinetunisie.com\/index.php?rest_route=\/wp\/v2\/product\/267","targetHints":{"allow":["GET"]}}],"collection":[{"href":"https:\/\/piscinemarket.piscinetunisie.com\/index.php?rest_route=\/wp\/v2\/product"}],"about":[{"href":"https:\/\/piscinemarket.piscinetunisie.com\/index.php?rest_route=\/wp\/v2\/types\/product"}],"replies":[{"embeddable":true,"href":"https:\/\/piscinemarket.piscinetunisie.com\/index.php?rest_route=%2Fwp%2Fv2%2Fcomments&post=267"}],"wp:featuredmedia":[{"embeddable":true,"href":"https:\/\/piscinemarket.piscinetunisie.com\/index.php?rest_route=\/wp\/v2\/media\/291"}],"wp:attachment":[{"href":"https:\/\/piscinemarket.piscinetunisie.com\/index.php?rest_route=%2Fwp%2Fv2%2Fmedia&parent=267"}],"wp:term":[{"taxonomy":"product_cat","embeddable":true,"href":"https:\/\/piscinemarket.piscinetunisie.com\/index.php?rest_route=%2Fwp%2Fv2%2Fproduct_cat&post=267"},{"taxonomy":"product_tag","embeddable":true,"href":"https:\/\/piscinemarket.piscinetunisie.com\/index.php?rest_route=%2Fwp%2Fv2%2Fproduct_tag&post=267"}],"curies":[{"name":"wp","href":"https:\/\/api.w.org\/{rel}","templated":true}]}}