{"id":239,"date":"2024-05-15T15:31:59","date_gmt":"2024-05-15T15:31:59","guid":{"rendered":"https:\/\/piscinemarket.piscinetunisie.com\/?post_type=product&#038;p=239"},"modified":"2024-05-15T15:32:12","modified_gmt":"2024-05-15T15:32:12","slug":"import-placeholder-for-1272","status":"publish","type":"product","link":"https:\/\/piscinemarket.piscinetunisie.com\/?product=import-placeholder-for-1272","title":{"rendered":"Import placeholder for 1272"},"content":{"rendered":"<h5>ALGICIDE<\/h5>\n<p>Notre algicide double concentration est un puissant d\u00e9sinfectant pour lutter contre les algues<br \/>\ndans votre piscine. Il offre une action rapide gr\u00e2ce \u00e0 sa solubilit\u00e9 \u00e9lev\u00e9e.<\/p>\n<h6><strong>Caract\u00e9ristiques<\/strong> :<\/h6>\n<ul>\n<li>Ne mousse pas<\/li>\n<li>Ne modifie pas le pH de l\u2019eau (respecter les doses recommand\u00e9es)<\/li>\n<li>Ne contient pas de chlore<\/li>\n<\/ul>\n<h6><strong>Mode d\u2019emploi et dosage conseill\u00e9 :<\/strong><\/h6>\n<ul>\n<li>Ajouter :le produit en fin de journ\u00e9e apr\u00e8s que les baignades soient termin\u00e9es<\/li>\n<li>Verser le produit pr\u00e8s des bouches d\u2019expulsion quand le syst\u00e8me de filtration est en marche<\/li>\n<li>Traitement initial : 20 par d&#8217;eau (1\/2 L pour une piscine de 25 m3).<\/li>\n<li>Traitement d&#8217;entretien : ajoutez 10 par d&#8217;eau une fois par semaine (1\/4 L pour une<br \/>\npiscine de 25 m3).<\/li>\n<\/ul>\n<p><strong>Traitement initial\u00a0:<\/strong><\/p>\n<ul>\n<li>(1\/2 L d\u2019algicide pour une piscine de 25)<\/li>\n<li>verser 20 par d\u2019eau<\/li>\n<\/ul>\n<p><strong>Traitement d\u2019entretien<\/strong> ajouter une fois par semaine 10 par d\u2019eau<\/p>\n<ul>\n<li>(1\/4 L d\u2019algicide pour une piscine de 25)<\/li>\n<\/ul>\n<p><strong>Pr\u00e9cautions \u00e0 prendre\u00a0:<\/strong><\/p>\n<ul>\n<li>Conserver hors de port\u00e9e des enfants<\/li>\n<li>Conserver \u00e0 l\u2019\u00e9cart des aliments et boissons, y compris ceux pour animaux<\/li>\n<li>En cas de contact avec les yeux, laver imm\u00e9diatement et abondamment avec de l\u2019eau et consulter un sp\u00e9cialiste<\/li>\n<li>En cas d\u2019ingestion, consulter imm\u00e9diatement un et lui montrer l\u2019emballage ou l\u2019\u00e9tiquette<\/li>\n<li>Conserver uniquement dans le r\u00e9cipient d\u2019origine<\/li>\n<\/ul>\n<p><strong>Composition\u00a0:<\/strong><\/p>\n<ul>\n<li>Solution de polym\u00e8re cationique d\u2019ammonium quaternaire au 7%<\/li>\n<li><\/li>\n<\/ul>\n<p><strong>Disponible :<\/strong><\/p>\n<ul>\n<li>1 L<\/li>\n<li>5 L<\/li>\n<li>25 L<\/li>\n<\/ul>\n<p>Notre algicide puissant \u00e9vite la formation d&#8217;algues dans votre piscine. Il se dissout<br \/>\nrapidement et agit efficacement.<br \/>\nRespectez les dosages recommand\u00e9s pour une utilisation optimale.Pour<br \/>\nle traitement initial, versez 20 par d&#8217;eau (1\/2 L pour une piscine de 25 m3). Pour l&#8217;entretien<br \/>\nr\u00e9gulier, ajoutez 10 par d&#8217;eau une fois par semaine (1\/4 L pour une piscine de 25 m3).<br \/>\nNotre algicide est compos\u00e9 d&#8217;une solution de polym\u00e8re cationique d&#8217;ammonium quaternaire<br \/>\n\u00e0 7% pour une efficacit\u00e9 optimale. Disponible en diff\u00e9rentes contenances (1 L, 5 L, 25 L).<br \/>\nFaites confiance \u00e0 notre algicide pour garder votre piscine sans algues. Un traitement facile<br \/>\net efficace pour une eau propre et saine.<\/p>\n<h6>Plus des details<\/h6>\n<p>N&#8217;oubliez pas de visiter<a href=\"https:\/\/www.facebook.com\/STGEgroup\/\"> notre page Facebook<\/a> pour trouver l&#8217;inspiration \u00e0 travers nos<br \/>\nr\u00e9alisations et celles des piscinistes qui nous font confiance.<\/p>\n<p><strong>Marque : <\/strong> <a href=\"https:\/\/xakaproducts.com\/fr\/\">XAKA<\/a><br \/>\n<strong>Marque Made in\u00a0: <\/strong>ESPAGNOL<\/p>\n","protected":false},"excerpt":{"rendered":"<p>ALGICIDE Notre algicide double concentration est un puissant d\u00e9sinfectant pour lutter contre les algues dans votre piscine. Il offre une action rapide gr\u00e2ce \u00e0 sa solubilit\u00e9 \u00e9lev\u00e9e. Caract\u00e9ristiques : Ne mousse pas Ne modifie pas le pH de l\u2019eau (respecter les doses recommand\u00e9es) Ne contient pas de chlore Mode d\u2019emploi et dosage conseill\u00e9 : Ajouter [&hellip;]<\/p>\n","protected":false},"featured_media":257,"comment_status":"open","ping_status":"closed","template":"","meta":[],"product_cat":[15],"product_tag":[],"class_list":{"0":"post-239","1":"product","2":"type-product","3":"status-publish","4":"has-post-thumbnail","6":"product_cat-uncategorized","8":"first","9":"instock","10":"shipping-taxable","11":"product-type-variable"},"jetpack_sharing_enabled":true,"_links":{"self":[{"href":"https:\/\/piscinemarket.piscinetunisie.com\/index.php?rest_route=\/wp\/v2\/product\/239","targetHints":{"allow":["GET"]}}],"collection":[{"href":"https:\/\/piscinemarket.piscinetunisie.com\/index.php?rest_route=\/wp\/v2\/product"}],"about":[{"href":"https:\/\/piscinemarket.piscinetunisie.com\/index.php?rest_route=\/wp\/v2\/types\/product"}],"replies":[{"embeddable":true,"href":"https:\/\/piscinemarket.piscinetunisie.com\/index.php?rest_route=%2Fwp%2Fv2%2Fcomments&post=239"}],"wp:featuredmedia":[{"embeddable":true,"href":"https:\/\/piscinemarket.piscinetunisie.com\/index.php?rest_route=\/wp\/v2\/media\/257"}],"wp:attachment":[{"href":"https:\/\/piscinemarket.piscinetunisie.com\/index.php?rest_route=%2Fwp%2Fv2%2Fmedia&parent=239"}],"wp:term":[{"taxonomy":"product_cat","embeddable":true,"href":"https:\/\/piscinemarket.piscinetunisie.com\/index.php?rest_route=%2Fwp%2Fv2%2Fproduct_cat&post=239"},{"taxonomy":"product_tag","embeddable":true,"href":"https:\/\/piscinemarket.piscinetunisie.com\/index.php?rest_route=%2Fwp%2Fv2%2Fproduct_tag&post=239"}],"curies":[{"name":"wp","href":"https:\/\/api.w.org\/{rel}","templated":true}]}}